ne a(-29).
22
Let l(n) = n**2 + 262*n + 14469. What is l(-189)?
672
Let x(c) = 234824*c - 234830. Calculate x(1).
-6
Let j(o) = o**2 + 192*o - 17934. What is j(70)?
406
Let z(y) = 2*y**3 - 175*y**2 + 3304*y - 227. Determine z(60).
13
Let v(u) = 2*u**2 - 1991*u + 488131. Give v(437).
2
Let o(u) = 28*u**3 + 308*u**2 - 409*u - 4511. Calculate o(-11).
-12
Let j(n) = -3*n**3 + 68*n**2 - 104*n - 60. Determine j(21).
-39
Let f(c) = c**2 - 944*c + 26531. Give f(29).
-4
Let x(g) = g**3 + 124*g**2 - 375*g + 150. Calculate x(-127).
-612
Let t(b) = b**3 + 25*b**2 - 389*b + 85. Give t(-36).
-167
Let i(h) = h**2 - 7*h - 28. Determine i(12).
32
Let d(h) = -172*h**2 - 6708*h - 247. Determine d(-39).
-247
Let y(b) = -1913701*b + 1913708. Give y(1).
7
Let g(z) = -z**3 + 32*z**2 - 768*z + 26697. Give g(33).
264
Let p(z) = -66*z**3 + 2100*z**2 - 1681*z + 210. Calculate p(31).
-7
Let l(g) = g**3 - 265*g**2 + 13252*g + 923. Determine l(67).
-15
Let h(d) = 2245*d + 123601. What is h(-55)?
126
Let n(o) = o**3 - 57*o**2 + 33*o + 19155. Give n(48).
3
Let y(w) = 8*w**2 - 10999*w + 549033. Give y(1323).
-12
Let q(t) = -t**2 + 22079*t - 264796. What is q(12)?
8
Let d(r) = -80854*r + 1051098. Calculate d(13).
-4
Let z(k) = k**3 - 92*k**2 - 13508*k - 128. Determine z(171).
43
Let l(a) = 17858*a - 195928. What is l(11)?
510
Let p(g) = -g**3 - 331*g**2 - 17894*g - 679. What is p(-68)?
1
Let z(t) = 621*t - 50279. What is z(81)?
22
Let m(u) = -6*u**2 + 41*u + 46912. Determine m(-85).
77
Let l(f) = -2566*f - 40995. Give l(-16).
61
Let j(z) = 9*z**2 + 608*z + 917. Calculate j(-67).
582
Let h(k) = 11*k**2 - 1397*k - 1202. Give h(128).
206
Let g(z) = -2868*z - 14781. Calculate g(-5).
-441
Let f(b) = -496*b - 10120. What is f(-20)?
-200
Let h(a) = 3*a**2 + 95110*a + 285322. Give h(-3).
19
Let x(v) = -371*v - 10364. What is x(-29)?
395
Let x(k) = -11*k**2 - 624*k - 1324. Calculate x(-55).
-279
Let i(r) = -r**2 + 179*r + 527. What is i(-3)?
-19
Let a(g) = 11*g**2 + 529*g + 1514. Calculate a(-45).
-16
Let s(v) = -4*v**3 + 20*v**2 + 139*v - 694. What is s(5)?
1
Let r(n) = -2049*n + 350357. Determine r(171).
-22
Let g(q) = 13*q**3 - 134*q**2 - 14*q - 79. Calculate g(10).
-619
Let a(o) = -o**2 + 1519*o - 36435. Calculate a(24).
-555
Let j(f) = -10712*f - 460616. What is j(-43)?
0
Let j(b) = 5446*b**2 + 27255*b + 25. Determine j(-5).
-100
Let m(j) = 3*j**3 - 484*j**2 + 80*j + 13039. What is m(161)?
-2
Let b(n) = -2167*n - 556882. Determine b(-257).
37
Let x(l) = 7590*l + 7620. Determine x(-1).
30
Let q(u) = 111322*u - 1001904. What is q(9)?
-6
Let r(b) = 3*b**3 + 2105*b**2 - 30789*b - 713. What is r(-716)?
3
Let y(t) = -5850*t - 5845. What is y(-1)?
5
Let c(g) = g**3 - 269*g**2 - 6440*g + 101516. Give c(290).
16
Let o(c) = 2*c**3 + 148*c**2 + 142*c - 317. Calculate o(-73).
-25
Let i(m) = 15482*m + 3065454. Give i(-198).
18
Let w(y) = -11404*y + 2816765. What is w(247)?
-23
Let t(c) = c**3 + 335*c**2 + 1925*c - 16133. Give t(-329).
-12
Let q(x) = 3*x**3 - 392*x**2 - 1291*x - 6544. Determine q(134).
22
Let m(w) = 3078*w + 243290. Give m(-79).
128
Let q(c) = 744*c + 2241. Give q(-3).
9
Let z(y) = -29*y**3 + 3*y**2 + 748*y + 743. Determine z(-1).
27
Let v(t) = -11*t**2 + 252*t - 1271. Determine v(15).
34
Let r(a) = -a**3 + 71*a**2 + 482*a - 1551. Determine r(77).
-11
Let d(q) = q**3 + 21*q**2 - 89*q - 1611. What is d(-21)?
258
Let f(p) = p**3 + 151*p**2 + 335*p + 21469. Calculate f(-150).
-6281
Let f(b) = 6944*b**2 + 24*b + 4. Give f(-1).
6924
Let n(y) = -y**3 + 508*y**2 + 1117*y - 49443. Determine n(510).
27
Let w(b) = -3*b**3 - b**2 - 4747*b + 14227. Give w(3).
-104
Let s(c) = -5*c**2 - 1664*c - 57977. What is s(-40)?
583
Let t(j) = -6518*j + 404127. Calculate t(62).
11
Let j(b) = -8*b**2 - 291*b + 3540. What is j(-46)?
-2
Let f(n) = 328717*n + 328754. What is f(-1)?
37
Let s(n) = 5*n**3 + 70*n**2 + 193*n - 296. What is s(-6)?
-14
Let f(c) = c**2 + 6094*c - 1467657. What is f(232)?
-25
Let x(u) = u**2 + 619*u - 223996. Give x(256).
4
Let o(h) = 80789*h + 80784. What is o(-1)?
-5
Let y(i) = -9*i**2 - 95*i + 1221. What is y(12)?
-1215
Let u(a) = 9*a**2 + 79*a + 83. Determine u(-2).
-39
Let o(y) = y**2 + 372*y - 1886. Determine o(-377).
-1
Let y(t) = t**3 + 30*t**2 - 9*t - 198. What is y(-30)?
72
Let z(j) = -31*j - 952. Give z(-11).
-611
Let d(o) = -6345*o - 82454. What is d(-13)?
31
Let x(z) = z**3 - 156*z**2 - 369*z + 33279. What is x(157)?
-5
Let r(c) = -1078*c**2 + 5379*c + 23. Calculate r(5).
-32
Let g(h) = 7*h**3 + 596*h**2 - 516*h - 71. What is g(-86)?
-71
Let x(k) = 31968*k - 1. What is x(0)?
-1
Let s(d) = -d**3 + 312*d**2 + 5251*d - 1011. Calculate s(328).
-27
Let p(x) = 434*x**2 + 2504*x - 595. Give p(-6).
5
Let m(f) = -f**3 + 42*f**2 - 405*f + 1. What is m(12)?
-539
Let b(t) = 2*t**3 - 40*t**2 - 306*t + 5756. Determine b(21).
212
Let c(l) = 27979*l + 223494. Determine c(-8).
-338
Let b(z) = -z**3 - 33*z**2 - 31*z - 795. Determine b(-33).
228
Let n(k) = -863342*k + 2590037. What is n(3)?
11
Let h(m) = -575*m**2 - 991*m + 34. Determine h(0).
34
Let p(d) = 1163*d - 50975. What is p(44)?
197
Let x(l) = 2*l**2 - 95*l + 754. Give x(22).
-368
Let h(p) = 395*p**2 + 1999*p - 2219. Give h(-6).
7
Let f(m) = -1579*m + 11192. What is f(8)?
-1440
Let j(s) = -s**2 - 325*s - 28118. Give j(-150).
-1868
Let n(t) = 3*t**2 - 1132*t - 257931. Calculate n(-160).
-11
Let o(v) = 1314*v - 1099568. Determine o(837).
250
Let q(y) = -y**2 - 163*y + 7850. Give q(-202).
-28
Let b(v) = -v**3 - 7*v**2 + 88*v - 879. Determine b(-16).
17
Let q(j) = -7*j**3 - 936*j**2 - 656*j + 1195. Determine q(-133).
-2
Let n(i) = 117686*i - 4942814. What is n(42)?
-2
Let g(q) = 3139*q - 129003. Give g(41).
-304
Let u(a) = -16219*a + 113505. Determine u(7).
-28
Let w(o) = -23*o**3 - 22*o**2 - 17*o + 5. Calculate w(-1).
23
Let s(d) = 1135*d - 14781. What is s(13)?
-26
Let o(y) = -y**2 - 337*y + 48635. What is o(109)?
21
Let b(n) = -9*n**3 + 19*n**2 - 43*n + 42. Calculate b(7).
-2415
Let a(w) = -2*w**3 + 37*w**2 + 316*w - 5169. Give a(20).
-49
Let i(k) = -25*k**2 - 3919*k - 32407. Determine i(-148).
5
Let r(g) = 544*g**2 + 32688*g + 2881. What is r(-60)?
1
Let f(l) = -l**2 - 7376*l + 679736. What is f(91)?
239
Let z(s) = -95276*s - 3048844. Calculate z(-32).
-12
Let r(o) = -o**3 + 3*o**2 + 111*o - 201. Determine r(-10).
-11
Let z(i) = -15*i**3 - 24*i**2 + 32*i. Give z(-4).
448
Let u(d) = -44*d**2 + 5230*d - 29216. Calculate u(113).
-62
Let h(i) = -8168*i + 1209017. Determine h(148).
153
Let k(h) = h**3 + 77*h**2 - 1158*h + 1947. What is k(-90)?
867
Let d(m) = -6*m**2 + 2904*m - 8705. Give d(3).
-47
Let d(p) = 23226*p + 209044. Determine d(-9).
10
Let c(m) = -151*m**3 - 7552*m**2 - 64*m + 1804. Give c(-50).
4
Let q(l) = -45*l + 1828. Determine q(51).
-467
Let t(y) = -y**3 + 51*y**2 + 359*y - 311. Give t(-7).
18
Let w(a) = 823*a - 208207. Calculate w(253).
12
Let w(l) = -6*l**3 - 1043*l**2 - 2899*l + 1050. Calculate w(-171).
-318
Let a(i) = -i**2 + 638*i + 27403. Calculate a(-40).
283
Let h(m) = -3610*m - 7226. Calculate h(-2).
-6
Let m(v) = 691*v + 25993. Give m(-41).
-2338
Let r(n) = -2*n**3 - 11*n**2 + 465*n + 3802. Calculate r(-11).
18
Let s(a) = -1655*a**2 - 140680*a - 421. Determine s(-85).
4
Let c(u) = 6091*u + 2795740. What is c(-459)?
-29
Let j(p) = -261*p + 3083. Calculate j(23).
-2920
Let v(l) = 97795*l - 1466926. Determine v(15).
-1
Let x(i) = -i**3 + 252*i**2 + 84*i - 21173. Give x(252).
-5
Let y(h) = h**3 + 427*h**2 + 37376*h - 4890. Calculate y(-304).
-26
Let m(n) = 3*n**2 + 18*n + 46. What is m(4)?
166
Let o(r) = r**3 + 6*r**2 + 23*r + 99. Calculate o(-5).
9
Let q(m) = -14016*m - 364268. Determine q(-26).
148
Let k(r) = r**3 - 623*r**2 - 1116*r + 306908. Calculate k(624).
-100
Let g(k) = 142*k**3 + 3*k**2 + 245*k + 242. Determine g(-1).
-142
Let r(k) = -166*k - 7013. What is r(-36)?
-1037
Let h(q) = 22*q + 3511. Determine h(-161).
-31
Let x(n) = 171*n**3 + 469*n**2 + 472*n + 1. Determine x(-1).
-173
Let p(a) = 13745*a + 151175. What is p(-11)?
-20
Let t(l) = l**3 + 913*l**2 + 5456*l + 12703. Determine t(-907).
5
Let y(b) = -36*b**2 + 544*b - 96. Determine y(15).
-36
Let j(c) = 15*c**2 + 3887*c - 15289. Calculate j(-263).
-35
Let c(z) = z**3 + 646*z**2 - 4567*z - 27. Calculate c(7).
1
Let s(o) = -5*o**2 - 118*o + 222